-20)). What are the prime factors of (-6)/(-33) + 25326/p?
2
Suppose -20*a = -18*a + 28. List the prime factors of (225/33 + a/(-77))*79.
7, 79
Suppose 5*d + 2*d - 3*d = 0. Suppose -2*u + 8 = 2*w - 0*w, d = 3*w - u - 4. Suppose 0 = -r - w*m + 158, 3*r - 2*m - 466 = -0*m. List the prime factors of r.
2, 3, 13
Suppose m + 2*m = -j + 62, 171 = 3*j + 4*m. Let v be (-2)/(-1 + 53/51). Let n = v + j. List the prime factors of n.
2
Let g = 572 + -570. Suppose 5*o - 146 = 3*o. Suppose o = 3*y - 5*x, 8*y + g*x = 3*y + 132. What are the prime factors of y?
2, 13
Let x(p) be the third derivative of p**4/2 - 13*p**3/6 - p**2 + p. Let f be -18*(7/(-3) + 2). List the prime factors of x(f).
59
Let g = 288 + -269. Suppose 4*m - 129 = z, g = -z + 22. What are the prime factors of m?
3, 11
Let i(j) = 1831*j - 8174. What are the prime factors of i(22)?
2, 23, 349
Suppose 0*f = -3*j + 4*f - 21, -f = -3. What are the prime factors of 654 - j - (0 + 4)?
653
Let v(f) = -2*f**3 - 13*f**2 + 5*f - 28. Let i be v(-7). List the prime factors of (1/(-28) - 4/i)*356.
89
Suppose 2*t - 26 = -5*n, -4*t - 3*n + 21 = -t. Suppose -5*a = 2*o + 54, -2*o - 26 = t*a - 4*o. List the prime factors of ((-16)/(-20) - 2)*a/4.
3
Let n = 98 - 161. Let z = 49 + n. What are the prime factors of (525/6)/((-7)/z)?
5, 7
Suppose 9 = -7*v + 10*v - 3*u, 2*v - 4*u = 2. Suppose 0 = -v*o + 2*o + 1818. What are the prime factors of o?
2, 3, 101
Let l(h) = -4*h**3 + 10*h**2 - 25*h + 79. List the prime factors of l(-16).
19423
Let c be (9 + -8)*-2*603/(-2). Let r = -315 + c. What are the prime factors of r?
2, 3
Suppose -c = -2*k - 35700, -4*c - 26*k + 27*k + 142793 = 0. What are the prime factors of c?
2, 13, 1373
Let d be -2*4/(12/(-39)). Let o = 171 + d. Suppose o = 3*h + 2*m, -4*h + 10 = 5*m - 262. What are the prime factors of h?
3, 7
Suppose -3*v = -4*k + 60, 4*k + 4*v = 27 + 61. Let l = k + 85. Let n = l + -49. List the prime factors of n.
2, 3
Suppose -67*g + 60 = -66*g. Let j = 1237 - g. What are the prime factors of j?
11, 107
Suppose a = -3, -5*o - 2*a - 4444 = -7*o. Let q = -1171 + o. List the prime factors of q.
2, 131
Suppose 7*b = 56198 + 35278. What are the prime factors of b?
2, 3, 11
Suppose 5*c - 9230 = 3*x, 4*c - 3750 = -3*x + 3607. Let k = c - 1150. List the prime factors of k.
3, 7, 11
Let y(w) = 7*w + 74. Let q be y(-10). Let d(a) = 30*a**2 + 11*a - 37. What are the prime factors of d(q)?
487
Let x(a) = -82*a + 156. Let l be x(-14). Suppose -l + 173 = -3*n. List the prime factors of n.
13, 29
Suppose -6*v = -28 - 2. Suppose -v*q + 5 = -10. List the prime factors of 1/(-3) + (q - 6/9).
2
Suppose -182*x - 483 = -j - 191*x, 5*j + 2*x = 2329. List the prime factors of j.
3, 5, 31
Suppose 0 = 5*x - 420 - 90. Suppose 437 = -15*c - 133. Let b = c + x. List the prime factors of b.
2
Suppose -2*a + 5 = -5*j + 1, -2*a = 4*j - 4. List the prime factors of ((1640/(-6))/a)/(142/(-213)).
5, 41
Suppose 1757*b + 3*g = 1759*b - 115241, -g - 288148 = -5*b. List the prime factors of b.
7, 8233
What are the prime factors of (-3 + (-146781)/(-24))*(-7 + 15)?
3, 16301
Let n(p) = -12*p - 3. Let q = 254 + -271. What are the prime factors of n(q)?
3, 67
Let j(x) = 1335*x + 11. Let c be j(1). Suppose n = 5*m + 352, -3*n - 4*m + c - 214 = 0. What are the prime factors of n?
2, 3, 31
Let a be (0 - 66/12)*4. What are the prime factors of ((-54)/3)/6 - a?
19
Suppose 8*n = 56865 + 47047. What are the prime factors of n?
31, 419
Suppose 5*x + 8573 = 4*x - 4*b, 8605 = -x + 4*b. List the prime factors of x/6*108/(-189).
2, 409
List the prime factors of (18263 - -1)/(654/436).
2, 761
Let o(j) be the second derivative of 5*j**4/12 - 14*j**3/3 + 7*j**2/2 + j - 44. List the prime factors of o(-8).
19, 29
Let y(f) = 3*f - 45. Let x be y(16). Suppose -136 = 5*l - 6*l - 4*v, 2*v - 378 = -x*l. What are the prime factors of l?
2, 31
List the prime factors of ((-218492)/8)/((-33)/66).
54623
Let i(u) = -u**3 - 13*u**2 - 16*u - 28. Let v = 96 + -62. Suppose 2*o - 10 = -v. What are the prime factors of i(o)?
2, 5
Let p(h) be the third derivative of -5*h**4/24 - 13*h**3/6 + 4*h**2. Let g be p(0). List the prime factors of 16 - 20 - (0 + g).
3
Suppose -5*f - y + 234759 = 0, -f = 17*y + y - 46934. List the prime factors of f.
2, 5869
Suppose 0 = -3*z - 6, j + 3*z + 2081 = 9699. Suppose j = 24*x - 7232. What are the prime factors of x?
619
Let a = -786 - -325. Let m = a + 924. What are the prime factors of m?
463
Suppose 5*w - 8008 = 4*m, 2*w - 761 - 2437 = -m. Suppose -2*k = 5*c - 1525 - w, c = -3*k + 4655. List the prime factors of k.
2, 5, 31
Let v(p) = -p**2 - 31*p + 12. Let u be v(-26). Let q = 304 - u. List the prime factors of q.
2, 3
Suppose 4*y - 2660 = 4*g, 4*y + 2*g - 2661 = 7*g. Suppose 32*i - y = 30*i. What are the prime factors of i?
2, 83
Let v(m) = -5 - 3*m**3 + 2*m**3 + 3 - 8 + 3*m + 13*m**2. Let b be v(13). Let d = 42 - b. List the prime factors of d.
13
Let s(w) = 521*w + 502. List the prime factors of s(12).
2, 11, 307
Suppose 0 = -5*j + 1 - 26, -q = j + 20. Let o(y) = -y**2 - 17*y - 40. Let m be o(q). What are the prime factors of (-5)/m*2 - -202?
7, 29
Suppose 23038 = -69*l + 73*l - 5*z, 3*l = z + 17273. What are the prime factors of l?
3, 19, 101
Let s be (2 + 19)*1*11. Suppose -34 - s = -d. What are the prime factors of d?
5, 53
Suppose -11*z = -6*z - 15. Suppose -20 = z*i + 22. Let x(k) = -7*k - 29. What are the prime factors of x(i)?
3, 23
Let t be (-3)/2*(-4 - (-2)/3). Suppose t*f - 2*f - 24 = 0. Suppose f*j = 25 + 463. What are the prime factors of j?
61
Let a(s) = -15*s + 17*s + 11 - 9*s - 36. Let n be a(-4). What are the prime factors of (2 - -21)/(n/21 - 0)?
7, 23
Let z = 8 + -11. Let r be (-2)/4*(z + 3). Suppose -w - 4*f + 72 = r, 5*w = 4*w + 4*f + 104. List the prime factors of w.
2, 11
Let k(q) = -4*q**2 + 12*q - 71. Let l(d) = -2*d**2 + d. Let h(x) = k(x) - 4*l(x). What are the prime factors of h(6)?
11
Suppose 2*a - 4*o - 6107 = 6363, 4*a - 24975 = o. Suppose -6*j = -2*j - 3*c - 4996, -c = 5*j - a. List the prime factors of j.
1249
Let z = 15069 - 6780. What are the prime factors of z?
3, 307
Let k(x) = x**2 - 69*x - 87. List the prime factors of k(-23).
2029
Suppose -662*m = -648*m - 212618. List the prime factors of m.
15187
Suppose l + 132 = 3*l + n, -l - 2*n = -60. Suppose -l*h = -67*h - 362. List the prime factors of h.
2, 181
Let m be ((-3)/(-2))/(21/(-6) - -4). Suppose -2*g - 4*d + d = 80, -2*d = m*g + 110. What are the prime factors of ((-1)/(-2))/((-1)/g)?
17
List the prime factors of 5*(-15 - (-96489)/45).
2, 5323
Let y(w) = 80*w**2 + 2*w + 3. Suppose -u - 3*p + 5 = 0, 4*u = 2*p + 3*p + 3. Let v be (3*1/(-3) - 1)/u. What are the prime factors of y(v)?
3
Let j = 96 - 63. Suppose j = 4*b - 0*b + 5*k, -17 = -b - 3*k. Suppose -c = m - 22, -3*c - b*m + 41 = -4*m. What are the prime factors of c?
17
Suppose 0 = 2*w - 5*p - 23, -4*w - 4 = -5*w + p. Let f(t) = 89*t + 8. Let i be f(w). Let y = i - -85. What are the prime factors of y?
2
Suppose 0 = 2*i - 3*i + 3. Suppose 2*h + 408 = 4*a, 3*a = 2*h + i*h + 1055. What are the prime factors of 2/((52/(-65))/(h/5))?
107
Let w be 6*((4 - 4) + 6). Suppose -428 = -40*u + w*u. Let p = u - -22. What are the prime factors of p?
3, 43
Let h(f) = -f**2 - 17*f + 9. Suppose -2*s + 7 = 3*l, -2*s + 4*l - 22 = 6. Let a(r) = r**2 + 9*r + 5. Let g be a(s). What are the prime factors of h(g)?
3, 13
Let k(m) = -m**2 - 7*m - 21. Let s be k(-7). List the prime factors of (-2514)/s + 10/35.
2, 3, 5
Suppose -3*n + r = -4*r + 26, -n - 22 = 5*r. List the prime factors of 64/24*(-747)/n.
2, 83
Let n(v) = -496*v**2 - 4*v - 5. Let m(s) = 495*s**2 + 4*s + 5. Let l(o) = -2*m(o) - 3*n(o). List the prime factors of l(-1).
499
Suppose 23*i - 84 = 19*i. Let n = 3 - i. What are the prime factors of 734/6 - (-3)/(n/(-4))?
3, 41
Let y = -39 - -63. List the prime factors of (-14 + 0)/(y/(-168)).
2, 7
Let v = -3345 - -16445. What are the prime factors of v?
2, 5, 131
Suppose -g = -7*g - 360. What are the prime factors of 4/30 - 36472/g?
2, 19
Suppose -709*q - 5*i - 10005 = -711*q, 5*i + 14995 = 3*q. List the prime factors of q.
2, 5, 499
Suppose -12*z - 56 = 76. Let r(b) = b**3 + 10*b**2 - 12*b - 8. Let y be r(z). Suppose 0*t = -y*t + 534. List the prime factors of t.
2, 89
Suppos